. What is the units digit of s(t)?
2
Let q(u) = -u**3 - u**2 - u + 3. Let m be q(0). Suppose m*g = 6*g + 30. What is the units digit of 36/10 + g/(-25)?
4
Suppose 3*a - 33 = -6. Suppose -4*g - 19 - a = 0. What is the units digit of (-3)/g - 4/(-7)?
1
Suppose y = -0*y + 55. What is the units digit of y?
5
Let q = 0 - -2. Let b be (-6)/4*8/(-3). Suppose 0 = 2*a + 3*a + 20, q*l - 16 = -b*a. What is the tens digit of l?
1
Let j(z) = z**2 + 5*z + 8. Let c(m) = -6*m**2 + 17*m - 17*m. Let v be c(1). What is the tens digit of j(v)?
1
Suppose 7*c = -3*h + 2*c + 55, 95 = 5*h + 5*c. What is the tens digit of h?
2
What is the units digit of 4*38 + 3*(-1)/(-3)?
3
Let g = -88 + 147. What is the tens digit of g?
5
Let d = 14 - 12. What is the units digit of 3/d*(-88)/(-6)?
2
Let t = -44 + 74. Suppose 0*o = o - t. What is the tens digit of o?
3
Let c(i) = i - 4. Let z be c(3). Let q = 7 + z. What is the units digit of q?
6
Let i(m) = -m**2 + 15*m + 16. Let r be i(16). Suppose r = 2*l + 3*t - 14, 5*l + 0*t + 2*t - 57 = 0. What is the units digit of l?
3
Let u(l) = -l**3 - 9*l**2 - 8*l + 3. Let t be u(-8). Suppose 2*a = t*o, -5*a = -o - 4*a - 1. What is the units digit of o?
2
Let d(l) = -l**2 - 10*l - 12. Let h = 15 + -23. Let a be d(h). Suppose -4*q + 24 = 2*n, -3*n + 7*q - a*q = -27. What is the units digit of n?
0
Let n = 246 + -84. What is the tens digit of n?
6
Suppose 416 = 6*h - 262. What is the tens digit of h?
1
Suppose 4*x - 88 = 88. What is the units digit of x?
4
Let h(m) = m + 22. Let p be h(-15). Suppose 2*x + 10 = 0, -c = -2*x - 11 - 2. Suppose -c*j + p = -11. What is the units digit of j?
6
Suppose 8 = -z - 3*f, -5*z - 2*f + 8 = -17. Let s = z + -3. What is the units digit of (-69)/(-12) - (-1)/s?
6
Let q(n) = n - 5. Let g be q(6). Suppose 3*w - g = 26. What is the units digit of w?
9
Suppose -8*q + 121 + 431 = 0. What is the tens digit of q?
6
Suppose b + 6 = -u, -2 = 4*u - 2*b + 22. Let z = 9 - u. What is the units digit of z?
5
Let y(b) = 6*b**2 + 5*b - 54. What is the hundreds digit of y(-9)?
3
Suppose -118 = -5*k + 3*a + 15, 9 = k - 5*a. What is the units digit of k?
9
Let d = -43 - -82. What is the tens digit of d?
3
Suppose q - 44 = -3*n, 2*q - 3*q = 4*n - 58. What is the units digit of n?
4
Suppose -2*d + 4 = -d. What is the units digit of d?
4
Suppose 3*g = -0*b - 2*b + 742, -4*g = -2*b - 966. What is the units digit of g?
4
Suppose 2*w = 4*q - 12, 0 = q + 2*w - 6 - 7. Suppose 0 = -5*h + 10, q*b + 2*h - 17 = 7. Suppose -9 = b*c - 29. What is the units digit of c?
5
Let b be -1*(-1)/2*2. Suppose 2*m - 10 = -2*l, -5*m - 8 + b = -3*l. What is the units digit of l?
4
Suppose -15*h + 108 = -6*h. What is the tens digit of h?
1
Let p(g) = -28*g**3 + 1. What is the units digit of p(-1)?
9
Let z be 2/(-8) + 57/(-12). What is the tens digit of (z/(-3))/((-2)/(-30))?
2
Suppose -48 = -5*s + 5*i + 122, 5*s - 162 = -3*i. What is the tens digit of s?
3
Suppose l - 11 = -4*r + 18, -3*r + 8 = -2*l. What is the units digit of (-4)/r + (-58)/(-6)?
9
Let l(c) = -5*c**2 - 7*c - 13. Let d(p) = 4*p**2 + 8*p + 12. Let w(a) = -4*d(a) - 3*l(a). Let f be w(-10). What is the units digit of 5/f + (-4)/4?
4
What is the units digit of (2*-1)/(14/(-49))?
7
Let v be 1/(-2) + 53/2. Let c = v + -20. What is the units digit of c?
6
Let d = 37 + -18. Let o = 27 - d. What is the units digit of o?
8
Let b(o) = -4*o**3 - 3*o**2 - 2*o - 2. Let h be b(-2). Suppose 8*p + 760 = 3*p. What is the tens digit of p/(-11) - (-4)/h?
1
Suppose -2*g - 2*l = -6*g + 10, 6 = 2*l. Suppose 5*f - 60 = f + g*h, -2*f = -h - 26. What is the tens digit of f?
1
Let x = 36 - 32. What is the units digit of x?
4
Let o = 54 - 32. What is the tens digit of o?
2
Let m = -94 - -177. What is the units digit of m?
3
Let o be ((-8)/(-10))/((-4)/(-150)). Suppose -7*g + 2*g - o = 0. Let z(w) = -w**3 - 6*w**2 - w + 3. What is the units digit of z(g)?
9
Suppose 2*l + 164 = 2*v, -l = -4*v + l + 330. What is the units digit of v?
3
Suppose 3*l - 4*g - 99 = 0, 3*l - 5*l + 83 = 3*g. What is the tens digit of l?
3
Let o = 4 - 2. Suppose o*v - 3*t = 34, 4*t = 3*t - 4. What is the tens digit of v?
1
Let x(z) = 14*z + 3. Let r be x(-1). Suppose -5*f + 10 = -0*f. Let a = f - r. What is the tens digit of a?
1
Suppose 0 = 2*m + 3*y - 118, -m + 68 = -0*y - 3*y. What is the units digit of m?
2
Let f = -21 - -141. Suppose 0*p + 3*p = f. What is the tens digit of p?
4
Let g be 60 + (-6)/3 + -1. Suppose -31 + 78 = 4*i + 5*k, -4*i - 3*k = -g. Let c = i - 6. What is the units digit of c?
2
Let a be (-11)/44 + 946/8. Suppose -4*k = -a - 22. What is the tens digit of k?
3
Suppose 4*k + 3*j = 178, -3*j = -k - 0*j + 52. What is the tens digit of k?
4
Suppose 11*u - 4*u - 336 = 0. Suppose 2*z - 5*b = -u + 115, 4*b = 3*z - 83. What is the tens digit of z?
2
Suppose -2*k - 26 = -4*a, 2*a + k + 5 = -4*k. Suppose 63 = 2*q - a. What is the units digit of (-4)/10 + q/10?
3
Let m(g) = 2*g**3 - 4*g**2 + g. Let f be m(4). Let p = f + -28. What is the units digit of p?
0
Let p = 22 - 22. Suppose -5*d + 125 - 45 = p. What is the tens digit of d?
1
Let b(j) = j**3 + 7*j**2 + j + 4. Let m be b(-7). Let f be 2/m*18/(-4). What is the units digit of f + 0 + -1 + 1?
3
Suppose -2*c - 2 = -16. Let l = c - -10. What is the units digit of l?
7
Suppose 17 = -3*z + 2. Let d(t) = -t**2 - 10*t - 9. What is the tens digit of d(z)?
1
What is the tens digit of 5 + -6 + 35 + 2?
3
Suppose 3*y - 5 = 3*i + 1, 4*y - 5*i = 3. Let f = y - 1. Suppose -f*u - 4*d = -11*u + 9, -4*u + 2*d = -12. What is the units digit of u?
5
Let n be (-52)/9 - 10/45. Let j(t) = -t - 4. Let f be j(n). Suppose 7 = -d + f*d. What is the units digit of d?
7
Let b be 1/(-3) - (-721)/21. Suppose 0 = -j + 2*m - 5, j + 11 = -5*m + b. Suppose -j*u + 35 = 2*u. What is the units digit of u?
7
Let o = -9 + 125. What is the tens digit of o?
1
Suppose 0 = -19*p + 77 - 20. Let b(a) be the third derivative of a**4/4 - a**2. What is the units digit of b(p)?
8
Let d(u) = -6*u**2 - 6 + 2*u**2 + 3*u**2 - 6*u. Let n(v) = -2*v + 10. Let t be n(7). What is the units digit of d(t)?
2
Let r be (2 - (0 + 2)) + -2. What is the units digit of (r/(-5))/((-3)/(-105))?
4
Let i = 2 - 2. Suppose -8 = y - 5*y. Suppose -3*a + a + y = i. What is the units digit of a?
1
Let u be (-4)/((-12)/15) + -1. Suppose -5*n = u*o - 6*o + 9, 0 = 3*o + 4*n - 2. What is the units digit of o?
2
Let x = -4 - -5. What is the tens digit of (7/7)/(x/15)?
1
Let n be (-2)/(-5) - (-652)/20. Suppose n = 5*q - 3*d, -q + 2 = 4*d - 0. What is the units digit of q?
6
Let o(w) = 2*w - 1. Let h be o(3). Suppose 10 = 2*g - h*s - 18, 2*g - 4*s - 26 = 0. What is the units digit of g?
9
Let z(x) be the third derivative of x**5/60 + x**4/4 + 7*x**3/6 - 3*x**2. Let y be z(-6). Let a = 13 - y. What is the units digit of a?
6
Let c(a) = -a - 12. Let d be c(-14). Suppose d*t + 34 = 4*t. What is the units digit of t?
7
What is the tens digit of ((-1)/2 - 0)*(-3 - 103)?
5
Let n = 175 + -63. What is the hundreds digit of n?
1
Let p = 30 - 15. Suppose h = -p + 40. What is the units digit of h?
5
Let p = 253 - 159. What is the units digit of p?
4
Let j be 3/2*(-1 + 13). Suppose -3*o = -4*s - 5 + j, -2*o = 5*s - 22. What is the units digit of 2 + (o - (-6)/3)?
5
Let r(k) be the third derivative of k**7/2520 - k**6/180 - k**5/60 + 2*k**2. Let y(m) be the third derivative of r(m). What is the units digit of y(6)?
8
Suppose r + 4 = 0, f + 2*r - 4*r + 12 = 0. Suppose 0 = -w - 3*w + 124. Let c = f + w. What is the units digit of c?
1
What is the units digit of 6/8 - 222/(-24)?
0
What is the tens digit of 2/6 - (-184)/6?
3
Let a = 59 - 35. Suppose 5*z - 271 = 4*b, 3*b + 138 - a = 2*z. What is the units digit of z?
1
Suppose -4*p + 5*r + 101 = 0, -p + 45 = -4*r + 6. What is the tens digit of p?
1
Let b(y) = 25*y**3 - 7*y**2 - 2*y + 9. Let j(f) = 13*f**3 - 3*f**2 - f + 4. Let n(o) = -4*b(o) + 9*j(o). What is the tens digit of n(1)?
1
Let r(y) = -y**3 + 9*y**2 - 7*y + 12. What is the tens digit of r(8)?
2
Suppose -44 = -6*z + 2*z. What is the units digit of z?
1
Let z be (1 + 0)/((-1)/(-23)). Suppose -z = -4*y + 49. What is the tens digit of y?
1
What is the units digit of (4 + -46)/(-2) - -3?
4
Suppose 0*y - 304 = -4*y. Let z = y + -44. Suppose 5*l = h + 78, 3*l = -2*h +